. Let c(u) = -u - 8. What is c(l)?
-3
Let l(k) = k**3 - 6*k**2 - 7*k + 4. Let v be l(7). Let p(f) = 6*f**2 - 4*f - 7. Let b(n) = 7*n**2 - 4*n - 8. Let o(z) = 5*b(z) - 6*p(z). Give o(v).
2
Let i = 17 + -19. Let q(o) = -3*o + 2. Calculate q(i).
8
Let j(l) = 5*l**3 + 20*l**2 + 5*l - 3. Let m(w) = -w**3 - 5*w**2 - w + 1. Let v(d) = -2*j(d) - 9*m(d). Determine v(5).
-8
Let g(f) = -f**2 - 3*f + 6. Let p(i) = i**2 + 6*i + 3. Let o be p(-4). What is g(o)?
-4
Let i(n) = n**2 - 4*n + 3. Let w be i(4). Suppose -4*s = 8, -4*a = a + w*s - 14. Let u(y) be the second derivative of y**3/6 - 5*y**2/2 - y. Give u(a).
-1
Let k = 23 - 22. Let r(z) be the second derivative of -1/2*z**2 + z + 1/3*z**3 - 1/4*z**5 + 0*z**4 + 0. Give r(k).
-4
Let r(a) = -a**2 + 10*a - 10. Suppose -5*x + 4*c + 31 = 0, 2*c - 3*c = -4*x + 16. Let t(d) = -3*d**2 + 29*d - 29. Let o(b) = x*t(b) - 8*r(b). Calculate o(5).
3
Let z(y) = 4*y + 0 + y**2 + 4 + 1. Let j(q) = q**3 - q**2 + q - 5. Let a be j(0). Determine z(a).
10
Let h be 0*(3 - 4)/(-2). Suppose -i + h*i = -5*g - 6, 5 = 5*i. Let p(z) be the second derivative of -z**4/2 - z**3/3 - z**2/2 + z. Determine p(g).
-5
Suppose 10 = 3*n - 5, 10 = -5*o - n. Let a(m) = -3*m**2 - 4*m - 1. Determine a(o).
-16
Let i(r) = 3*r + 5. Suppose -5*j = -j + 20. Let d(f) be the second derivative of -f**3/2 - 3*f**2 - 3*f. Let s(w) = j*d(w) - 6*i(w). Calculate s(2).
-6
Let k(a) = -6*a**3 + 0*a**3 - 4 - 11*a - 4*a**2 + 16*a + 5*a**3. Determine k(-5).
-4
Suppose 0*h + 3 = h. Let t(r) = 6*r - 4. Give t(h).
14
Let w be (1/2)/1*-8. Let x be (-3)/(-12)*-11*w. Suppose 4*c - m + 0*m + x = 0, c - m = 1. Let q(p) = p**2 + 4*p + 5. Give q(c).
5
Let m(f) = -f**3 - f**2 + f. Let g = 5 - 0. Let j(p) = g - p**2 + 6*p + 0*p**2 - 5. Let u be j(6). Determine m(u).
0
Let o(d) = -d - 56*d**2 + 57*d**2 - 4*d - d + 5. Determine o(4).
-3
Let m(u) = -u**3 + 2*u**2 + 2*u - 3. Let j = -10 + 13. Suppose j*r = -6*q + q + 3, -2*q + 14 = -2*r. Give m(q).
-6
Let w be ((-8)/(-10))/((1/5)/1). Let g(p) = -2*p**2 + 5*p. Calculate g(w).
-12
Let m(n) = n**2 - 2*n + 2. Let a be (-1 - -3) + 2 - 1. Suppose 4*g - 4 = -g - c, a*c = 2*g + 12. Let b = g - -3. Calculate m(b).
5
Let u(p) = -3*p - 10. Let i = 1 - 2. Let s be (0 - -2) + (i - -1). Let y(b) = b + 3. Let c(l) = s*u(l) + 7*y(l). Give c(3).
4
Let q(x) = -2*x**3 - 2*x**2 - 3*x + 7. Let l(r) = 1 + 0*r**3 - r**3 - 3*r**2 + 2*r**2. Let t(y) = -3*l(y) + q(y). Calculate t(-3).
-5
Let y be 1*-1*(17 - 15). Let z(o) = -3*o - 2*o + 2*o. Calculate z(y).
6
Suppose -5*q - 4*d + 162 = 574, 422 = -5*q + d. Let p be 1/2*q/(-7). Let u(a) = -a + 4. Determine u(p).
-2
Suppose 0 = -2*y - k + 1, -4*k + 21 = 2*y - 7*k. Suppose 2*l - 4 = -q - 0*q, 0 = y*l + 5*q - 20. Suppose 6 = -l*t + 3*t. Let s(i) = i**3 - 2*i + 1. Give s(t).
5
Suppose -6 = -2*r - 4. Let g = -5 + r. Let q(b) = b**2 + 5*b - 6. Let y(f) = 1. Let x(o) = q(o) + 3*y(o). Give x(g).
-7
Let t be 2/(-6) + (-2)/(-6). Let w(p) be the third derivative of -p**4/24 - 13*p**3/6 - 33*p**2. Give w(t).
-13
Let g(u) be the second derivative of -u**5/20 + 5*u**4/12 + u**3/6 - 2*u**2 + 2*u. Determine g(5).
1
Let f(y) = -y - 11. Let q(n) = n + 10. Let b(z) = -3*f(z) - 4*q(z). What is b(-6)?
-1
Suppose y = -4*y + 15, -y - 3 = -2*u. Suppose 4 - u = z. Let m(r) = -21*r. Let j(g) = -7*g. Let c(h) = 14*j(h) - 5*m(h). Calculate c(z).
7
Let n be (-24)/20*5/2. Let i be 1/((n - -1)/2). Let k(y) = 5*y**3 + y + 1. Give k(i).
-5
Let n be 0 - 2*(-6)/4. Let u(j) = -4*j**2 + 3*j. Let a(c) = 11*c**2 - 10*c + 1. Let b(y) = n*a(y) + 8*u(y). Let h be 5*(0/(-2) + 1). Calculate b(h).
-2
Let i(u) = -4*u**2 + 5*u + 4. Let f(r) = -4*r**2 + 4*r + 3. Let v be (2 - 1)/(5/20). Let j(d) = v*i(d) - 5*f(d). Calculate j(1).
5
Let g(w) = -w**2 - 3*w. Let t(v) = 3*v**3 - 5*v**2 + 5*v - 1. Let h(r) = 5*r**3 - 7*r**2 + 8*r - 1. Let q(m) = -5*h(m) + 8*t(m). Let u be q(-5). Give g(u).
0
Let b(s) be the first derivative of s**2/2 - 4*s - 5. What is b(0)?
-4
Let m(x) = -x - 5. Let c(t) = 4*t - 1. Let a be c(-1). Let v be 1*1*(a + 0). Determine m(v).
0
Let t(q) = -q**2 + 5*q + 1. Suppose -2*o + 27 = -5*u, -2*o + 9 = u - 0*u. Give t(o).
-5
Let j(x) = -x + 11. Let v be j(9). Let h = v - 3. Let a(o) = 5*o + 3. Let u(g) = g. Let l(c) = h*u(c) + a(c). Give l(-2).
-5
Let t(u) = u**2 + 5*u + 6. Let r be t(-4). Let g = -3 + 5. Let a(b) = 3*b + b**2 + g*b**2 + 1 - b**3 - b**r. What is a(3)?
1
Let o = 4 - 2. Let m(v) = 20*v**2 - 14*v**o - 9*v**2. What is m(2)?
-12
Let f be 2/(-4)*2 - -7. Suppose 0 = l - f + 3. Let a(b) = -2 + l - 3 + 3*b + 0*b. Determine a(4).
10
Let v be (-1 + -2)*(-4)/6. Suppose 3 = v*b + b. Let m(g) = 11*g**3 - 2*g**2 + 2*g - 1. Give m(b).
10
Let v(t) be the second derivative of t**3/2 + t**2 - 10*t. Calculate v(4).
14
Let h(s) = -2*s**2 + 4. Let g(w) = w**2 - w - 3. Let q(x) = -3*g(x) - 2*h(x). Determine q(-2).
-1
Let i(r) = 0*r - 2*r - r**2 + 3 + r - 5*r. Calculate i(-6).
3
Let x(i) = -i**3 + i. Let l = -21 - -22. What is x(l)?
0
Let q(x) = 2*x + 1. Suppose 8 = -4*h + 2*h. Let i be 0/(2 + h) + -2. What is q(i)?
-3
Let f(y) = y**3 + 6*y**2 + 3*y - 1. Suppose -8*h + 5*h - 15 = 0. Calculate f(h).
9
Let x(r) = -8*r + 1. Let b be ((-4)/(-60)*5)/(1/3). Calculate x(b).
-7
Let h(u) = -u**2 + 4. Let z(i) = -i**3 - 6*i**2 + i + 2. Let o be z(-6). What is h(o)?
-12
Let b(u) be the first derivative of u**4/4 - 4*u**3/3 + 3*u**2/2 - 2*u + 1. Let z(y) = y**2 - 4*y + 3. Let r = -4 + 8. Let x be z(r). Give b(x).
-2
Let b = 21 + -20. Let x(n) = 14*n - 1. Give x(b).
13
Let w(y) = y**2 + y - 1. Suppose 0 = 2*h - 0*k + 2*k + 4, 4*h + 5*k = -10. Calculate w(h).
-1
Let u(b) = b**2 - b. Let z(c) = 3*c**2 + 8*c - 5. Let v(k) = -4*u(k) + z(k). Calculate v(11).
6
Suppose -5*z - 5*a + 15 = 0, -3*z + 2*a + 0 = 1. Suppose 0*f + f = z. Let w(v) = -v - 1. Determine w(f).
-2
Let y(i) = i**3 - 20*i**2 + 18*i + 10. Let l be y(19). Let a(z) = -2*z - 5. What is a(l)?
13
Let b(c) = -c + 13. Let l be b(15). Let f(x) = -x**3 + x**2 - 5*x + 4. Let a(z) = 2*z**3 - 3*z**2 + 14*z - 11. Let s(w) = 3*a(w) + 8*f(w). Give s(l).
7
Let f = -2 + 7. Let m(n) be the third derivative of n**6/120 - n**5/12 + n**3 - 2*n**2. What is m(f)?
6
Suppose k + 4 = 3*k. Let r be 1*3/(-1 + k). Let m(v) = 5*v + v - r*v - 4. What is m(3)?
5
Let l(z) be the second derivative of z**5/60 + 5*z**3/6 - 2*z**2 - 2*z. Let d(f) be the first derivative of l(f). Give d(0).
5
Let a(r) = r**2 - 7*r + 5. Suppose -c = 3*l - 18, l + 3*c - 12 = -l. Give a(l).
-1
Let c(k) be the first derivative of -k**4/4 + 5*k**3/3 - k**2 - 3*k + 3. Let j be (6 + 2)/1 + -2. Suppose j*q - 3*o = 2*q + 13, 11 = 2*q + 3*o. Determine c(q).
5
Let h(p) = -p**2 - 2*p + 4. Let x = -2 + -1. Determine h(x).
1
Suppose -4*x - 25 = 4*i + x, -5 = -i + x. Let p(s) = -s**2 - s - 1. Let h(y) = -7*y**2 - 6*y - 4. Let o(v) = h(v) - 6*p(v). Determine o(i).
2
Let q be (-12)/(-4) - (-1 + -1). Let h(i) be the third derivative of i**4/24 - i**3/3 - i**2. Let w(p) = 1. Let k(s) = q*w(s) + h(s). What is k(-4)?
-1
Let t(i) = i**2 - 4*i - 1. Let p = 54 - 51. Give t(p).
-4
Let v(p) be the third derivative of -p**4/24 - 7*p**3/6 + 20*p**2. Calculate v(0).
-7
Let y be -5*(-1 - 21/(-15)). Suppose 0 = 3*k - 9, g - 5*k + 9 = -g. Let h(l) = -4 - 4*l**2 - g*l + 3*l**2 + 3. Determine h(y).
1
Let n(p) = -p**2 + 4*p - 3. Let f = 3 - 1. Let z be (4 + (-1 - 1))*f. Give n(z).
-3
Let r(o) = -3*o - 2. Let w(k) = -10*k - 7. Let d(m) = 7*r(m) - 2*w(m). Let t = 6 + -3. Suppose -g + 5*h + 13 = 0, -4 = g + t*h + 7. Determine d(g).
2
Let p(y) = -2*y - 2*y + 0*y + 1 + y**2. Suppose 5*v = -2*c + 2, -4*c = c - 5*v - 5. Let n be (-1 - 5)*c/(-2). Calculate p(n).
-2
Let f(w) = w**3 - 6*w**2 + 3*w + 6. Let h be (-2*1)/(-2 - -3). Let j be 5/(-1 - h)*1. What is f(j)?
-4
Let i(g) = -g - 1. Let m(r) = -r**3 + 20*r**2 + 22*r - 25. Let s be m(21). Calculate i(s).
3
Suppose -4*k = -k - 15. Let z(d) = -4*d + 3. Calculate z(k).
-17
Let k(i) = -i**2 + 5*i + 3. Suppose -16 = -2*o - 2*o. Suppose o*w + 2 = -0*s + 3*s, 1 = -s + 3*w. Suppose -s*b - 3 = -4*a - 5, -5 = -3*b + 5*a. Determine k(b).
3
Suppose -q = 2*q. Suppose -5 = h - 5*u, 2*u - 8 = -q*u. Suppose 0 = 4*o - 3 + h. Let f(m) = m**2 + 4*m + 1. Calculate f(o).
-2
Let a be (6 + 1 + -3)/(6/(-3)). Let s(h) = 2*h**3 + h**2 - 3*h - 3. What is s(a)?
-9
Let u(